of 1719104?
1
What is the hundreds digit of 90891?
8
What is the ten thousands digit of 3947807?
4
What is the hundreds digit of 5232?
2
What is the thousands digit of 14322791?
2
What is the units digit of 356445?
5
What is the ten thousands digit of 56307?
5
What is the hundreds digit of 2878?
8
What is the ten thousands digit of 13645779?
4
What is the hundreds digit of 4729069?
0
What is the units digit of 159747?
7
What is the ten thousands digit of 19009944?
0
What is the units digit of 435713?
3
What is the ten thousands digit of 21483?
2
What is the hundreds digit of 3036178?
1
What is the ten thousands digit of 2247409?
4
What is the ten thousands digit of 23200?
2
What is the thousands digit of 2345789?
5
What is the thousands digit of 1754206?
4
What is the hundreds digit of 208728?
7
What is the units digit of 1121206?
6
What is the units digit of 9196470?
0
What is the millions digit of 7186203?
7
What is the tens digit of 716475?
7
What is the units digit of 19577777?
7
What is the hundred thousands digit of 3402656?
4
What is the thousands digit of 8182610?
2
What is the ten thousands digit of 712728?
1
What is the ten millions digit of 21202915?
2
What is the units digit of 25618?
8
What is the tens digit of 435998?
9
What is the ten thousands digit of 253349?
5
What is the hundred thousands digit of 1720092?
7
What is the hundred thousands digit of 101821?
1
What is the units digit of 2491986?
6
What is the ten thousands digit of 92430?
9
What is the thousands digit of 29588?
9
What is the units digit of 16741996?
6
What is the hundred thousands digit of 414313?
4
What is the tens digit of 790731?
3
What is the thousands digit of 940011?
0
What is the ten thousands digit of 5579738?
7
What is the tens digit of 6483683?
8
What is the units digit of 483754?
4
What is the hundred thousands digit of 149808?
1
What is the millions digit of 2333839?
2
What is the hundred thousands digit of 543298?
5
What is the ten thousands digit of 2275080?
7
What is the hundred thousands digit of 19466114?
4
What is the tens digit of 15921440?
4
What is the ten thousands digit of 471309?
7
What is the ten thousands digit of 124292?
2
What is the hundreds digit of 350339?
3
What is the hundreds digit of 741315?
3
What is the hundred thousands digit of 2911930?
9
What is the ten thousands digit of 658293?
5
What is the hundred thousands digit of 464403?
4
What is the ten thousands digit of 802760?
0
What is the thousands digit of 257593?
7
What is the thousands digit of 13706876?
6
What is the hundreds digit of 152610?
6
What is the tens digit of 989890?
9
What is the hundred thousands digit of 302153?
3
What is the ten thousands digit of 7831334?
3
What is the tens digit of 970398?
9
What is the tens digit of 42011193?
9
What is the thousands digit of 21817879?
7
What is the hundreds digit of 213392?
3
What is the hundred thousands digit of 2634084?
6
What is the thousands digit of 1538540?
8
What is the units digit of 20502300?
0
What is the tens digit of 874489?
8
What is the thousands digit of 3194853?
4
What is the hundreds digit of 543726?
7
What is the tens digit of 2803055?
5
What is the tens digit of 10077423?
2
What is the ten thousands digit of 1238282?
3
What is the tens digit of 707519?
1
What is the tens digit of 5085104?
0
What is the hundreds digit of 227570?
5
What is the hundred thousands digit of 210549?
2
What is the tens digit of 2469985?
8
What is the hundreds digit of 288065?
0
What is the hundred thousands digit of 874766?
8
What is the ten thousands digit of 137883?
3
What is the ten thousands digit of 977414?
7
What is the millions digit of 1050387?
1
What is the thousands digit of 318544?
8
What is the hundred thousands digit of 443010?
4
What is the thousands digit of 1211564?
1
What is the thousands digit of 301900?
1
What is the hundred thousands digit of 2554123?
5
What is the hundred thousands digit of 1500744?
5
What is the ten millions digit of 12664178?
1
What is the thousands digit of 1404909?
4
What is the millions digit of 2945013?
2
What is the thousands digit of 2921280?
1
What is the millions digit of 9087466?
9
What is the hundred thousands digit of 5428513?
4
What is the millions digit of 2958506?
2
What is the thousands digit of 11715?
1
What is the ten millions digit of 20128804?
2
What is the millions digit of 1798436?
1
What is the ten millions digit of 26141376?
2
What is the tens digit of 216497?
9
What is the units digit of 203568?
8
What is the units digit of 13374571?
1
What is the tens digit of 427330?
3
What is the units digit of 1208291?
1
What is the ten thousands digit of 546776?
4
What is the units digit of 6259155?
5
What is the millions digit of 4872134?
4
What is the thousands digit of 366755?
6
What is the ten thousands digit of 68657?
6
What is the hundreds digit of 26566289?
2
What is the hundred thousands digit of 2160090?
1
What is the tens digit of 4435?
3
What is the hundred thousands digit of 30964741?
9
What is the thousands digit of 63389?
3
What is the ten millions digit of 14461091?
1
What is the thousands digit of 1140996?
0
What is the thousands digit of 156620?
6
What is the tens digit of 202245?
4
What is the ten thousands digit of 214705?
1
What is the hundred thousands digit of 495030?
4
What is the hundreds digit of 11349951?
9
What is the thousands digit of 1194340?
4
What is the thousands digit of 23330340?
0
What is the hundreds digit of 2221116?
1
What is the tens digit of 4338856?
5
What is the hundred thousands digit of 190368?
1
What is the hundred thousands digit of 26536389?
5
What is the hundreds digit of 47112?
1
What is the hundreds digit of 1580859?
8
What is the units digit of 274609?
9
What is the tens digit of 310034?
3
What is the ten thousands digit of 401309?
0
What is the hundred thousands digit of 8528288?
5
What is the tens digit of 22358523?
2
What is the hundreds digit of 233487?
4
What is the units digit of 536820?
0
What is the hundreds digit of 1905024?
0
What is the hundred thousands digit of 972726?
9
What is the thousands digit of 2212249?
2
What is the thousands digit of 9190264?
0
What is the units digit of 281370?
0
What is the millions digit of 2884756?
2
What is the hundred thousands digit of 1609477?
6
What is the hundreds digit of 3545331?
3
What is the millions digit of 31110915?
1
What is the units digit of 153048?
8
What is the hundred thousands digit of 659317?
6
What is the hundred thousands digit of 4350822?
3
What is the units digit of 541255?
5
What is the tens digit of 165775?
7
What is the units digit of 678835?
5
What is the units digit of 6983371?
1
What is the hundreds digit of 1015190?
1
What is the tens digit of 3014948?
4
What is the hundreds digit of 1422579?
5
What is the thousands digit of 879171?
9
What is the hundreds digit of 415594?
5
What is the thousands digit of 920812?
0
What is the thousands digit of 2905491?
5
What is the thousands digit of 157021?
7
What is the thousands digit of 457206?
7
What is the hundreds digit of 93275?
2
What is the hundred thousands digit of 2419250?
4
What is the thousands digit of 198596?
8
What is the tens digit of 5924864?
6
What is the ten thousands digit of 325006?
2
What is the tens digit of 30908?
0
What is the units digit of 3752451?
1
What is the ten thousands digit of 5261960?
6
What is the units digit of 12065038?
8
What is the millions digit of 2881282?
2
What is the thousands digit of 322285?
2
What is the hundreds digit of 9222954?
9
What is the units digit of 136706?
6
What is the millions digit of 2543465?
2
What is the hundred thousands digit of 218876?
2
What is the hundred thousands digit of 6325803?
3
What is the thousands digit of 25194?
5
What is the millions digit of 14043294?
4
What is the hundred thousands digit of 1027161?
0
What is the tens digit of 426963?
6
What is the millions digit of 7753415?
7
What is the tens digit of 38855699?
9
What is the millions digit of 10770854?
0
What is the ten thousands digit of 977241?
7
What is the thousands digit of 759824?
9
What is the ten thousands digit of 53822?
5
What is the thousands digit of 51912?
1
What is the ten thousands digit of 1538447?
3
What is the tens digit of 339177?
7
What is the hundred th